{"id":44856,"date":"2026-03-14T12:43:37","date_gmt":"2026-03-14T12:43:37","guid":{"rendered":"http:\/\/localhost\/myshopdata\/index.php\/product\/blow-torch-home-grade-kitchen-cooking-torch-with-lock-adjustable-flame-refillable-mini-blow-torch-lighter-for-bbq-baking-brulee-cremelight-cooking-tasksdiy-soldering-butane-gas-excluded\/"},"modified":"2026-03-14T12:43:37","modified_gmt":"2026-03-14T12:43:37","slug":"blow-torch-home-grade-kitchen-cooking-torch-with-lock-adjustable-flame-refillable-mini-blow-torch-lighter-for-bbq-baking-brulee-cremelight-cooking-tasksdiy-soldering-butane-gas-excluded","status":"publish","type":"product","link":"https:\/\/mr-products.net\/index.php\/product\/blow-torch-home-grade-kitchen-cooking-torch-with-lock-adjustable-flame-refillable-mini-blow-torch-lighter-for-bbq-baking-brulee-cremelight-cooking-tasksdiy-soldering-butane-gas-excluded\/","title":{"rendered":"Blow Torch, Home-Grade Kitchen Cooking Torch with Lock Adjustable Flame Refillable Mini Blow Torch Lighter for BBQ, Baking, Brulee Creme,Light Cooking Tasks,DIY Soldering (Butane Gas Excluded)"},"content":{"rendered":"<p><!-- show up to 2 reviews by default --> <\/p>\n<p> <span class=\"a-text-bold\">Unparalleled<\/span><span><br \/> \u2714 When it comes to working in the kitchen, is key. That\u2019s why we put our culinary torch through rigorous 3rd-party testing to ensure it meets industry standardguidelines. <br \/> \u2714 Our refillable butane kitchen torch comes equipped with a lock and a flame adjuster, allowing for optimal precision and control. And for added and reassurance, our torches always ship without gas!<\/p>\n<p> <\/span><span class=\"a-text-bold\">True Versatility<\/span><span><br \/> \u2714 While cr\u00e8me brulee and seared salmon might not be on the menu every night, there are plenty of ways in which the torch can be used around the house. From soldering to DIY projects.<br \/> \u2714 Our torch serves a variety of needs! And if you\u2019d rather keep your torch in the kitchen, you can use it to experiment with new and exciting recipes.<\/p>\n<p> <\/span><span class=\"a-text-bold\">The Culinary Torch is packed with features<\/span><span><br \/> \u2714 Protective Finger\/Hand Heat Guard<br \/> \u2714 Gas Flow Regulator Safety Lock<br \/> \u2714 Ergonomic Design<br \/> \u2714 Easily Adjustable Flame<br \/> \u2714 Refillable with any brand of butane (not included) <\/p>\n<p> <\/span><span class=\"a-text-bold\">Immediate lighting every time<\/span><span><br \/> \u2714 Our highly dependable Piezo press button ignition ensures a reliable spark every time.<\/p>\n<p> <\/span><span class=\"a-text-bold\">Specification<\/span><span><br \/> \u2714 Size: 10.5*6*16cm<br \/> \u2714 Weight: 0.21kg<br \/> \u2714 Flametemperature: 1300\u2103\/2370\u00b0F<br \/> \u2714 Burningtime: 30mins<\/p>\n<p><\/span><span class=\"a-text-bold\">Flame Parameters:<\/span><span><br \/> Maximum flame length <br \/><\/span><span class=\"a-text-bold\">Continuous Operation Time:<\/span><span><br \/> Up to 10 minutes with a full butane canister (tested under controlled conditions per UL 147 Operation Test).<\/p>\n<p><\/span><span class=\"a-text-bold\">Suitable Use Cases:<\/span><span><br \/> Caramelizing small desserts (e.g., cr\u00e8me br\u00fbl\u00e9e, puddings).<br \/> Peeling tomatoes, peppers, or citrus fruits.<br \/> Glazing roasts, sushi, or small cuts of meat.<br \/> Searing small portions of food.<\/p>\n<p> <\/span><span class=\"a-text-bold\">Package list<\/span><span><br \/> 1 X Kitchen Blow Torches(Fuel Not Included)<\/p>\n<p><\/span><span class=\"a-text-bold\">Frequently FAQ:<\/span><span><br \/> <\/span><span class=\"a-text-bold\">Question: After filling with butane the torch will not light ?<\/span><span><br \/> <\/span><span class=\"a-text-bold\">Answer: <\/span><span><br \/> if for the first time to use this torch, we suggested that Before filling gas, Please use the red plastic tools included in the package to drain any remaining gas from the lighter by depressing the filling valve approximately 10 seconds. then stand by 3-5 mins, then you can add butane gas and start to use it.<br \/> please contact our customer service team at support@tencoz.com, they will answer this question and send you detailed steps.<\/span> <\/p>\n<p>\u25baNote: FOR SAFE SHIPPING BUTANE GAS ISN\u2019T INCLUDED &#8211; SEPARATE PURCHASE REQUIRED. Do not use flame to ignite the Blow Torch, this is already a lighter!!! \u25baThis is a home-grade torch, not intended for professional\/heavy-duty culinary use. Ideal for light tasks like caramelizing small desserts or peeling fruits.<br \/>\n[ PROFESSIONAL GRADE ] Perfect for a professional chef or avid home bakers, our torch provides unmatched flame consistency and reliability; Piezo press ignition allows for fast, immediate lighting. WARNING: To avoid too much internal pressure, Torches Should NOT Be Overfilled.<br \/>\n[ ADJUSTABLE FLAME AND REFILLABLE ] Our mini blowtorch features a gas flow regulator dial to easily adjust flame and a gas flow security lock when turned off; the torch can create a continuous flame up to 6 inches long with a temperature of 2370\u00b0F\/1300\u00b0C. Quickly refill butane torch lighter with any brand of butane (not included). Please ensure the butane canister has the LONG UNIVERSAL REFILL TIP.<br \/>\n[ COMFORT FINGER GUARD FOR SECURITY ] The built in finger guard protects you from burns and extreme heat while torching and browning; torch is constructed with TUV CE certified aluminum and ABS plastic to ensure ergonomic comfort.<br \/>\n[ MULTIPLE USES ] The torch is not just for the kitchen and can be used in multiple ways; it&#8217;s great for sous vide, flambe, searing meat, bar cocktails, lighting a fire, cigars, dabs, BBQ grills, for camping, and for craft and artist work such as art resin.<br \/>\n[ A KITCHEN GOODIE TO SHARE ] Once you discover the difference our culinary torch can make in the kitchen, you\u2019ll want to share it with all of your friends and family! Your torch arrives in a deluxe gift box, so there\u2019s no need for wrapping. Whether you are celebrating the marriage of close friends, or welcoming a family member to their new home, the Torch is sure to be a memorable and appreciated gift for many meals to come.<br \/>\nTIPS: 1) Never use other open flames to ignite the torch.2)Do not mix different types of fuel gases.3)Check fuel canisters for damage (dents, cracks) to prevent gas leaks.4)Avoid over-squeezing, shaking violently, or exposing torch to high heat (direct flame, sunlight) 5)Do not use continuously for long periods; overheating risks damage.<\/p>\n","protected":false},"excerpt":{"rendered":"<p>\u25baNote: FOR SAFE SHIPPING BUTANE GAS ISN\u2019T INCLUDED &#8211; SEPARATE PURCHASE REQUIRED. Do not use flame to ignite the Blow Torch, this is already a lighter!!! \u25baThis is a home-grade torch, not intended for professional\/heavy-duty culinary use. Ideal for light tasks like caramelizing small desserts or peeling fruits.<br \/>\n[ PROFESSIONAL GRADE ] Perfect for a professional chef or avid home bakers, our torch provides unmatched flame consistency and reliability; Piezo press ignition allows for fast, immediate lighting. WARNING: To avoid too much internal pressure, Torches Should NOT Be Overfilled.<br \/>\n[ ADJUSTABLE FLAME AND REFILLABLE ] Our mini blowtorch features a gas flow regulator dial to easily adjust flame and a gas flow security lock when turned off; the torch can create a continuous flame up to 6 inches long with a temperature of 2370\u00b0F\/1300\u00b0C. Quickly refill butane torch lighter with any brand of butane (not included). Please ensure the butane canister has the LONG UNIVERSAL REFILL TIP.<\/p>\n","protected":false},"featured_media":44857,"comment_status":"open","ping_status":"closed","template":"","meta":{"_gspb_post_css":""},"store":[],"product_brand":[],"product_cat":[51365],"product_tag":[],"class_list":{"0":"post-44856","1":"product","2":"type-product","3":"status-publish","4":"has-post-thumbnail","6":"product_cat-home-kitchen","7":"pa_brand-brand-tencoz","8":"pa_date-first-available-october-22-2018","9":"pa_fuel-capacity-12-milliliters","10":"pa_handle-lever-placement-push-button","11":"pa_included-components-culinary-torch","12":"pa_item-model-number-gf-901","13":"pa_item-weight-6-ounces","14":"pa_manufacturer-tencoz","15":"pa_maximum-temperature-2370-degrees-fahrenheit","16":"pa_part-number-hk0101_00","17":"pa_power-source-butane-gas","18":"pa_product-dimensions-6l-x-2-5w-x-3-5h","19":"pa_shaft-material-aluminum","20":"pa_upc-52428","21":"pa_warranty-description-365-day-warranty","22":"pa_wick-quantity-905","23":"pa_with-lid-no","25":"first","26":"instock","27":"sale","28":"shipping-taxable","29":"product-type-external"},"_links":{"self":[{"href":"https:\/\/mr-products.net\/index.php\/wp-json\/wp\/v2\/product\/44856","targetHints":{"allow":["GET"]}}],"collection":[{"href":"https:\/\/mr-products.net\/index.php\/wp-json\/wp\/v2\/product"}],"about":[{"href":"https:\/\/mr-products.net\/index.php\/wp-json\/wp\/v2\/types\/product"}],"replies":[{"embeddable":true,"href":"https:\/\/mr-products.net\/index.php\/wp-json\/wp\/v2\/comments?post=44856"}],"wp:featuredmedia":[{"embeddable":true,"href":"https:\/\/mr-products.net\/index.php\/wp-json\/wp\/v2\/media\/44857"}],"wp:attachment":[{"href":"https:\/\/mr-products.net\/index.php\/wp-json\/wp\/v2\/media?parent=44856"}],"wp:term":[{"taxonomy":"store","embeddable":true,"href":"https:\/\/mr-products.net\/index.php\/wp-json\/wp\/v2\/store?post=44856"},{"taxonomy":"product_brand","embeddable":true,"href":"https:\/\/mr-products.net\/index.php\/wp-json\/wp\/v2\/product_brand?post=44856"},{"taxonomy":"product_cat","embeddable":true,"href":"https:\/\/mr-products.net\/index.php\/wp-json\/wp\/v2\/product_cat?post=44856"},{"taxonomy":"product_tag","embeddable":true,"href":"https:\/\/mr-products.net\/index.php\/wp-json\/wp\/v2\/product_tag?post=44856"}],"curies":[{"name":"wp","href":"https:\/\/api.w.org\/{rel}","templated":true}]}}